digit of y?
7
Let u(x) = 3*x + 18. Let m be u(-8). Let g be ((-20)/m)/(4/(-24)). What is the tens digit of -37*18/(-15) - (-8)/g?
4
Suppose -3*d - 2*d = 5*j, -2*j = d - 1. Let h(a) = -21 - 8 + j + 6 - 13*a. What is the units digit of h(-7)?
9
Suppose -7*a - 7*a + 28 = 0. Suppose -1630 = 4*w - 2*n, 5*w + a*n - 3*n = -2033. Let y = -197 - w. What is the units digit of y?
9
Let t = -593 - -653. What is the hundreds digit of (15/(-4))/(t/(-4480))?
2
Let l be 6*3/8*168. Let r = -303 + l. What is the tens digit of r?
7
Suppose -2*h - 96 = -k, -2 = 2*h - 3*h. Let a = 63 + k. Suppose 4 = -3*w + a. What is the tens digit of w?
5
What is the hundreds digit of 6/4 + (0 - 52254/(-12))?
3
Let h be ((-1037)/(-68))/((-4)/(-32)*2). Suppose 0 = 3*d + a - 4, -4*d - 3*a + 4 = -a. Suppose -d*i = -81 - h. What is the tens digit of i?
7
Let q = -4215 + 6692. What is the tens digit of q?
7
Suppose 15*p - 12*p - 42 = 0. Suppose p*v = 36*v - 21934. What is the tens digit of v?
9
Suppose p + 3*x = 1915, -5*x - 7728 = -13*p + 9*p. Suppose -11*z = -p + 101. What is the units digit of z?
6
Suppose -71 = -i + p, 63 + 142 = 3*i + p. Suppose -5*a - 25 = 0, 3*d = -d - 5*a - 189. Let k = i + d. What is the tens digit of k?
2
What is the units digit of 4531/(14/(-84)*-6)?
1
Suppose -2*d = 3*q - 30379, -10612 = -d + q + 4590. What is the hundreds digit of d?
1
Let r(p) = -p**3 + p**2 + 13*p - 3. Let x be r(4). Let m = x + 140. What is the hundreds digit of m?
1
Let d(k) = 150*k + 12. Let u be d(-4). What is the units digit of 3/(3/5)*u/(-30)?
8
Let o be 1*2*((-183)/(-6) - -4). Let q = 197 + o. Suppose -4*c + 216 = 4*h, -c + 3*h - q = -6*c. What is the tens digit of c?
5
Suppose 20*g = 16*g. Suppose d - 263 - 115 = g. What is the tens digit of d?
7
Let a be (-16)/32 + (-10)/(-4). Let r be 311 - 3 - 0/2. Suppose 6*b = a*b + r. What is the tens digit of b?
7
Let s = 4844 + -4504. What is the hundreds digit of s?
3
Let h(t) be the first derivative of 1/3*t**3 - 9/4*t**4 - 7 - 3/2*t**2 - 3*t. What is the tens digit of h(-2)?
7
Suppose 2*n = 6*n - w - 83, -4*w = -n + 32. What is the hundreds digit of 2016/n - 4/(-20)?
1
Let l be 4/(84/210*5/2). Suppose l*q + 722 = -2*w + 2386, 3*w - 5*q = 2463. What is the tens digit of w?
2
Let c = -17 + 28. Suppose -c*g + 448 = -7*g. Suppose -g = 3*k - 11*k. What is the tens digit of k?
1
Suppose -79*a - 55*a + 3761482 + 6067150 = 0. What is the units digit of a?
8
Suppose 27 + 10 = -k. Let x = -4150 - -4086. Let i = k - x. What is the tens digit of i?
2
Let h be ((-18)/12)/(2 + 6/(-4)). What is the units digit of (-2)/(-18) + (-48588)/324*h?
0
Suppose 5*x = -0*x + 5*k + 25850, -x - 4*k + 5190 = 0. What is the hundreds digit of x?
1
Suppose 0 = 149*j - 150*j + 543. What is the tens digit of j?
4
Suppose -4*a - 53 = x, 197 = -5*x + 6*a - 9*a. Let t = -41 - x. What is the hundreds digit of t + 213 + 9/(-3)?
2
Let c(i) = 47*i**2 - 26*i**2 - 6 - 9*i + 5*i**2. What is the units digit of c(4)?
4
Let q(t) = 2*t**3 + 5*t**2 - 13*t + 1. Let h be q(2). Let k be (-48)/10*(-15)/3. Let w = k + h. What is the units digit of w?
5
Let r = 27 + -21. Let z be ((-4)/r)/(14/(-42)) + 0. Suppose -4*s + 323 = -i, -i + 0*i = z*s - 157. What is the tens digit of s?
8
Suppose -3*h - c + 16 = 11, 25 = -2*h + 5*c. Suppose 20*l - 11*l - 3483 = h. What is the units digit of l?
7
Let q(i) = -12 - 545*i + 540*i - 33. Let l be q(-9). What is the units digit of 10 + 201 - l/(-2)?
1
Let r(a) = 112*a**3 - 2*a**2 - 35*a + 4. What is the hundreds digit of r(6)?
9
Let i = 7003 - 3747. What is the units digit of i?
6
Suppose -21*s - 14*s - 55026 = -44*s. What is the tens digit of s?
1
Let u(o) = -8*o**2 + 16*o - 1. Let r(y) = -2*y**2 - 16*y - 9. Let j be r(-7). Let a be u(j). What is the hundreds digit of (-1)/(1/a*1*1)?
1
Let y = -34995 - -49029. What is the hundreds digit of y?
0
Suppose -4*l = r - 1346, 243*r - 242*r = l - 344. What is the units digit of l?
8
Let k = 1509 - 915. Suppose s + 117 = k. What is the units digit of s?
7
Let k(t) = -t**3 - 10*t**2 + 2*t + 22. Let b be k(-10). Suppose b = -8*c + 10. What is the tens digit of (1 - c - -1) + -10 + 48?
3
Suppose -2*i - 4*d = -474, -i + 5*d + 232 = 2*d. Let j = -385 + i. Let t = j + 238. What is the units digit of t?
8
Let l(r) = r + 13. Let a be l(-15). Let v(d) = -46*d**3 + 9*d**2 + 9*d. What is the hundreds digit of v(a)?
3
Suppose -2*t - 104 = -108. Suppose 0 + 4 = t*r. Suppose 4*g + 2 + 2 = 0, -178 = -x - r*g. What is the units digit of x?
0
Let j = -30828 + 48247. What is the ten thousands digit of j?
1
Suppose 5*r - 9796 = 12099 + 13485. What is the units digit of r?
6
Suppose 5*b - 8455 = 33385. Suppose -b = -92*y + 84*y. What is the hundreds digit of y?
0
Suppose 0 = -3*h - 0 + 6. Let m(v) = 61*v**3 - 3*v**2 + 2*v + 2. Let u be m(h). Suppose 0 = -5*k + 2*z + u, 3*k + 0*k - 282 = 3*z. What is the units digit of k?
8
Suppose 4488 = -380*v + 388*v. What is the tens digit of v?
6
Let b(x) = 28*x - 39. Suppose -2*a - 2*l + 2 = 0, 0*a - 4*l + 9 = 5*a. Let t be (30/a)/(12/8). What is the tens digit of b(t)?
7
What is the tens digit of (33/(-99))/((1/849)/(-57 + -16))?
5
Suppose -7*f = -3*f + 276. Let h = 97 + f. Suppose -3*a = -151 + h. What is the units digit of a?
1
Suppose 0 = 5*l - 10, 0*l + 2*l = 3*o - 8. Let h(w) = -3 + 5 - 1 + o*w. What is the units digit of h(4)?
7
Suppose -50 = 53*q - 50*q - 398. What is the tens digit of q?
1
Let r be 20/(-18)*315/(-70). Suppose -7*k + 2809 = -r*k - 3*o, 5*k + 2*o = 6975. What is the hundreds digit of k?
3
Suppose 3*t - 70255 = -d, 0 = -6*t - 5*d + 6*d + 140498. What is the thousands digit of t?
3
Suppose -5*g = -2*s + 30, 5*s = 4*s + 5*g + 20. Let l(c) = 5*c + c - 3*c + 10 - 2*c. What is the units digit of l(s)?
0
Suppose 15952 = -15*i + 76609 + 68598. What is the thousands digit of i?
8
Suppose -5*n - 3*d - 119 = -3, -5*d + 100 = -5*n. Let u = n + 52. What is the tens digit of (-77 - -1)/((u/5)/(-6))?
7
Suppose 0 = 9*p - 26 + 8. Let m be -1*(p - 1) + (1 - -2). Suppose m*v - 2 = 44. What is the units digit of v?
3
Suppose 24*i - 94*i = 34*i - 596024. What is the hundreds digit of i?
7
Suppose 5*u + 20 = 0, 0 = -4*y + y + 2*u + 14. Let k be 6/18 - y/6. What is the units digit of (-2 - 0) + k - (-206 + 9)?
5
What is the units digit of (-16)/152 - (-719278)/133?
8
Let i(r) = -4*r**3 - r**2 + r. Let f be i(-1). Suppose -h - 5 = -2*a + 5*a, -2*h = f*a + 10. Suppose a = 3*z - 345 + 120. What is the units digit of z?
5
Let r(q) = 2*q**3 + 7*q**2 - 123*q + 2. What is the tens digit of r(15)?
8
Let q = 14143 + -6304. What is the hundreds digit of q?
8
Suppose -2*w + 2*y = -0*w + 8, -7 = 3*w - 4*y. Let v be (8/6)/((30/w)/(-5)). Let x = 55 + v. What is the units digit of x?
7
Suppose 0 = -259*y + 257*y + 672. Suppose 337*n - y*n = 623. What is the tens digit of n?
2
Let m = -15991 + 28768. What is the ten thousands digit of m?
1
Let h(d) = -4*d**2 + 7*d - 4. Let o be h(4). Let f = -5 + o. Let g = f + 101. What is the units digit of g?
6
Let z(d) = -61*d - 2. Let j(s) = 122*s + 3. Suppose 3*a + 2 = 2*m + 12, 0 = -3*m - 3*a - 15. Let h(p) = m*z(p) - 3*j(p). What is the units digit of h(-1)?
2
Let a = 38370 - 25200. What is the hundreds digit of a?
1
Let d(m) = 20*m + 100. Let i be d(-5). Suppose 6*z - 3*g - 10815 = 0, -3*g + 8985 = 5*z - i*z. What is the thousands digit of z?
1
Suppose -56395 = -5*u - 4*v, -8*u + 12*u - 45116 = 2*v. What is the thousands digit of u?
1
Let d(w) = w**3 - 15*w**2 - 13*w + 8. Let q be d(17). Suppose -5*j + 1225 = -q. What is the units digit of j?
8
Suppose 2*l = i - 20614, 542*i - 546*i - l = -82438. What is the thousands digit of i?
0
Let g = 7 + -1. Suppose 0 = -z - g*z + 5712. Suppose -r - z = -9*r. What is the tens digit of r?
0
Suppose -m + 1933 = 3*k, 2*m + 2576 = 4*k + 4*m. Suppose -639*b - 1986 = -k*b. What is the units digit of b?
1
Let i = -374 + 134. Let w = -116 - i. What is the units digit of w?
4
Suppose -37*z - 61307 = -436746. What is the units digit of z?
7
Let h(l) be the second derivative of -l**5/20 - l**4/3 - l**3 - 3*l**2/2 + 3*l. Let r be h(-3). What is the hundreds digit of (-6)/4*(4 - 640)/r?
1
Let w = 1684 - -1270. Suppose 0 = -3*f + 1627 + w. What is the thousands digit of f?
1
Let g(x) = -2*x**3 + 41*x**2 + 415*x - 5. What is the ten t